{"id":7048,"date":"2025-10-16T11:01:36","date_gmt":"2025-10-16T14:01:36","guid":{"rendered":"https:\/\/projazz.cl\/web\/?page_id=7048"},"modified":"2025-10-16T11:05:28","modified_gmt":"2025-10-16T14:05:28","slug":"revalidacion-becas-internas-2025-o-antes","status":"publish","type":"page","link":"https:\/\/projazz.cl\/web\/revalidacion-becas-internas-2025-o-antes\/","title":{"rendered":"Revalidaci\u00f3n Becas Internas (2025 o antes)"},"content":{"rendered":"\n<p>Las becas internas Projazz est\u00e1n dise\u00f1adas para ayudar a estudiantes vigentes a <strong>cubrir un m\u00e1ximo del 30% del costo de su carrera<\/strong>. Estas becas tienen una duraci\u00f3n de un a\u00f1o y deben renovarse anualmente. Para ser elegible para cualquier beca interna, es necesario estar matriculado\/a para el a\u00f1o acad\u00e9mico 2025.<\/p>\n\n\n\n<p><strong>Beca Socioecon\u00f3mica<\/strong><\/p>\n\n\n\n<p>Esta beca se otorga a estudiantes nuevos o estudiantes que ya cursen una carrera en Projazz, que se encuentren en una situaci\u00f3n econ\u00f3mica desventajosa. Para postular a esta beca deben enviar los documentos descritos en el <a href=\"https:\/\/projazz.cl\/web\/wp-content\/uploads\/2024\/11\/CHECK-LIST-BECA-SOCIOECONOMICA-2025.docx\">check list<\/a> al correo <a href=\"mailto:becas@projazz.cl\">becas@projazz.cl<\/a> , adem\u00e1s de enviar una carta con las razones por las cuales requiere el beneficio.<\/p>\n\n\n\n<p>El plazo de postulaci\u00f3n a Beca Socioecon\u00f3mica 2025 comienza el 08 de enero y finaliza el 08 de febrero 2025 y los resultados se comunicar\u00e1n a los\/as estudiantes beneficiarios mediante correo electr\u00f3nico el d\u00eda 05 de marzo 2025.<\/p>\n\n\n\n<p><strong>Beca Excelencia Acad\u00e9mica<\/strong><\/p>\n\n\n\n<p>Esta beca se otorga a estudiantes que ya cursan una carrera en Projazz, que tengan un promedio general final superior a 6.0, sin haber reprobado ninguna asignatura y sin haber recibido amonestaciones de la Direcci\u00f3n Acad\u00e9mica. Para postular a esta beca debe enviar un correo a <a href=\"mailto:becas@projazz.cl\">becas@projazz.cl<\/a> adjuntando la concentraci\u00f3n de notas 2024, la cual deben solicitar en Secretaria Acad\u00e9mica al correo <a href=\"mailto:secretaria.academica@projazz.cl\">secretaria.academica@projazz.cl<\/a> .<\/p>\n\n\n\n<p>El plazo de postulaci\u00f3n a Beca Excelencia Acad\u00e9mica 2025 comienza el 08 de enero y finaliza el 08 de febrero 2025 y los resultados se comunicar\u00e1n a los\/as estudiantes beneficiarios mediante correo electr\u00f3nico el d\u00eda 05 de marzo 2025.<\/p>\n","protected":false},"excerpt":{"rendered":"<p>Las becas internas Projazz est\u00e1n dise\u00f1adas para ayudar a estudiantes vigentes a cubrir un m\u00e1ximo del 30% del costo de su carrera. Estas becas tienen una duraci\u00f3n de un a\u00f1o y deben renovarse anualmente. Para ser elegible para cualquier beca interna, es necesario estar matriculado\/a para el a\u00f1o acad\u00e9mico 2025. Beca Socioecon\u00f3mica Esta beca se &hellip;<\/p>\n<p class=\"read-more\"> <a class=\"\" href=\"https:\/\/projazz.cl\/web\/revalidacion-becas-internas-2025-o-antes\/\"> <span class=\"screen-reader-text\">Revalidaci\u00f3n Becas Internas (2025 o antes)<\/span> Read More &raquo;<\/a><\/p>\n","protected":false},"author":1,"featured_media":272,"parent":0,"menu_order":0,"comment_status":"closed","ping_status":"closed","template":"","meta":{"footnotes":""},"class_list":["post-7048","page","type-page","status-publish","has-post-thumbnail","hentry"],"yoast_head":"<!-- This site is optimized with the Yoast SEO plugin v26.3 - https:\/\/yoast.com\/wordpress\/plugins\/seo\/ -->\n<title>Revalidaci\u00f3n Becas Internas (2025 o antes) - Projazz<\/title>\n<meta name=\"robots\" content=\"index, follow, max-snippet:-1, max-image-preview:large, max-video-preview:-1\" \/>\n<link rel=\"canonical\" href=\"https:\/\/projazz.cl\/web\/revalidacion-becas-internas-2025-o-antes\/\" \/>\n<meta property=\"og:locale\" content=\"es_ES\" \/>\n<meta property=\"og:type\" content=\"article\" \/>\n<meta property=\"og:title\" content=\"Revalidaci\u00f3n Becas Internas (2025 o antes) - Projazz\" \/>\n<meta property=\"og:description\" content=\"Las becas internas Projazz est\u00e1n dise\u00f1adas para ayudar a estudiantes vigentes a cubrir un m\u00e1ximo del 30% del costo de su carrera. Estas becas tienen una duraci\u00f3n de un a\u00f1o y deben renovarse anualmente. Para ser elegible para cualquier beca interna, es necesario estar matriculado\/a para el a\u00f1o acad\u00e9mico 2025. Beca Socioecon\u00f3mica Esta beca se &hellip; Revalidaci\u00f3n Becas Internas (2025 o antes) Read More &raquo;\" \/>\n<meta property=\"og:url\" content=\"https:\/\/projazz.cl\/web\/revalidacion-becas-internas-2025-o-antes\/\" \/>\n<meta property=\"og:site_name\" content=\"Projazz\" \/>\n<meta property=\"article:publisher\" content=\"https:\/\/www.facebook.com\/projazzchile\" \/>\n<meta property=\"article:modified_time\" content=\"2025-10-16T14:05:28+00:00\" \/>\n<meta property=\"og:image\" content=\"https:\/\/projazz.cl\/web\/wp-content\/uploads\/2024\/10\/slider-15.jpg\" \/>\n\t<meta property=\"og:image:width\" content=\"2540\" \/>\n\t<meta property=\"og:image:height\" content=\"1429\" \/>\n\t<meta property=\"og:image:type\" content=\"image\/jpeg\" \/>\n<meta name=\"twitter:card\" content=\"summary_large_image\" \/>\n<meta name=\"twitter:label1\" content=\"Tiempo estimado de lectura\" \/>\n\t<meta name=\"twitter:data1\" content=\"1 minuto\" \/>\n<script type=\"application\/ld+json\" class=\"yoast-schema-graph\">{\"@context\":\"https:\/\/schema.org\",\"@graph\":[{\"@type\":\"WebPage\",\"@id\":\"https:\/\/projazz.cl\/web\/revalidacion-becas-internas-2025-o-antes\/\",\"url\":\"https:\/\/projazz.cl\/web\/revalidacion-becas-internas-2025-o-antes\/\",\"name\":\"Revalidaci\u00f3n Becas Internas (2025 o antes) - Projazz\",\"isPartOf\":{\"@id\":\"https:\/\/projazz.cl\/web\/#website\"},\"primaryImageOfPage\":{\"@id\":\"https:\/\/projazz.cl\/web\/revalidacion-becas-internas-2025-o-antes\/#primaryimage\"},\"image\":{\"@id\":\"https:\/\/projazz.cl\/web\/revalidacion-becas-internas-2025-o-antes\/#primaryimage\"},\"thumbnailUrl\":\"https:\/\/projazz.cl\/web\/wp-content\/uploads\/2024\/10\/slider-15.jpg\",\"datePublished\":\"2025-10-16T14:01:36+00:00\",\"dateModified\":\"2025-10-16T14:05:28+00:00\",\"breadcrumb\":{\"@id\":\"https:\/\/projazz.cl\/web\/revalidacion-becas-internas-2025-o-antes\/#breadcrumb\"},\"inLanguage\":\"es-CL\",\"potentialAction\":[{\"@type\":\"ReadAction\",\"target\":[\"https:\/\/projazz.cl\/web\/revalidacion-becas-internas-2025-o-antes\/\"]}]},{\"@type\":\"ImageObject\",\"inLanguage\":\"es-CL\",\"@id\":\"https:\/\/projazz.cl\/web\/revalidacion-becas-internas-2025-o-antes\/#primaryimage\",\"url\":\"https:\/\/projazz.cl\/web\/wp-content\/uploads\/2024\/10\/slider-15.jpg\",\"contentUrl\":\"https:\/\/projazz.cl\/web\/wp-content\/uploads\/2024\/10\/slider-15.jpg\",\"width\":2540,\"height\":1429},{\"@type\":\"BreadcrumbList\",\"@id\":\"https:\/\/projazz.cl\/web\/revalidacion-becas-internas-2025-o-antes\/#breadcrumb\",\"itemListElement\":[{\"@type\":\"ListItem\",\"position\":1,\"name\":\"Portada\",\"item\":\"https:\/\/projazz.cl\/web\/\"},{\"@type\":\"ListItem\",\"position\":2,\"name\":\"Revalidaci\u00f3n Becas Internas (2025 o antes)\"}]},{\"@type\":\"WebSite\",\"@id\":\"https:\/\/projazz.cl\/web\/#website\",\"url\":\"https:\/\/projazz.cl\/web\/\",\"name\":\"Projazz\",\"description\":\"Instituto Profesional \",\"publisher\":{\"@id\":\"https:\/\/projazz.cl\/web\/#organization\"},\"potentialAction\":[{\"@type\":\"SearchAction\",\"target\":{\"@type\":\"EntryPoint\",\"urlTemplate\":\"https:\/\/projazz.cl\/web\/?s={search_term_string}\"},\"query-input\":{\"@type\":\"PropertyValueSpecification\",\"valueRequired\":true,\"valueName\":\"search_term_string\"}}],\"inLanguage\":\"es-CL\"},{\"@type\":\"Organization\",\"@id\":\"https:\/\/projazz.cl\/web\/#organization\",\"name\":\"Projazz\",\"url\":\"https:\/\/projazz.cl\/web\/\",\"logo\":{\"@type\":\"ImageObject\",\"inLanguage\":\"es-CL\",\"@id\":\"https:\/\/projazz.cl\/web\/#\/schema\/logo\/image\/\",\"url\":\"https:\/\/projazz.cl\/web\/wp-content\/uploads\/2024\/10\/brand-projazz2.svg\",\"contentUrl\":\"https:\/\/projazz.cl\/web\/wp-content\/uploads\/2024\/10\/brand-projazz2.svg\",\"width\":161,\"height\":41,\"caption\":\"Projazz\"},\"image\":{\"@id\":\"https:\/\/projazz.cl\/web\/#\/schema\/logo\/image\/\"},\"sameAs\":[\"https:\/\/www.facebook.com\/projazzchile\",\"https:\/\/www.instagram.com\/projazzchile\"]}]}<\/script>\n<!-- \/ Yoast SEO plugin. -->","yoast_head_json":{"title":"Revalidaci\u00f3n Becas Internas (2025 o antes) - Projazz","robots":{"index":"index","follow":"follow","max-snippet":"max-snippet:-1","max-image-preview":"max-image-preview:large","max-video-preview":"max-video-preview:-1"},"canonical":"https:\/\/projazz.cl\/web\/revalidacion-becas-internas-2025-o-antes\/","og_locale":"es_ES","og_type":"article","og_title":"Revalidaci\u00f3n Becas Internas (2025 o antes) - Projazz","og_description":"Las becas internas Projazz est\u00e1n dise\u00f1adas para ayudar a estudiantes vigentes a cubrir un m\u00e1ximo del 30% del costo de su carrera. Estas becas tienen una duraci\u00f3n de un a\u00f1o y deben renovarse anualmente. Para ser elegible para cualquier beca interna, es necesario estar matriculado\/a para el a\u00f1o acad\u00e9mico 2025. Beca Socioecon\u00f3mica Esta beca se &hellip; Revalidaci\u00f3n Becas Internas (2025 o antes) Read More &raquo;","og_url":"https:\/\/projazz.cl\/web\/revalidacion-becas-internas-2025-o-antes\/","og_site_name":"Projazz","article_publisher":"https:\/\/www.facebook.com\/projazzchile","article_modified_time":"2025-10-16T14:05:28+00:00","og_image":[{"width":2540,"height":1429,"url":"https:\/\/projazz.cl\/web\/wp-content\/uploads\/2024\/10\/slider-15.jpg","type":"image\/jpeg"}],"twitter_card":"summary_large_image","twitter_misc":{"Tiempo estimado de lectura":"1 minuto"},"schema":{"@context":"https:\/\/schema.org","@graph":[{"@type":"WebPage","@id":"https:\/\/projazz.cl\/web\/revalidacion-becas-internas-2025-o-antes\/","url":"https:\/\/projazz.cl\/web\/revalidacion-becas-internas-2025-o-antes\/","name":"Revalidaci\u00f3n Becas Internas (2025 o antes) - Projazz","isPartOf":{"@id":"https:\/\/projazz.cl\/web\/#website"},"primaryImageOfPage":{"@id":"https:\/\/projazz.cl\/web\/revalidacion-becas-internas-2025-o-antes\/#primaryimage"},"image":{"@id":"https:\/\/projazz.cl\/web\/revalidacion-becas-internas-2025-o-antes\/#primaryimage"},"thumbnailUrl":"https:\/\/projazz.cl\/web\/wp-content\/uploads\/2024\/10\/slider-15.jpg","datePublished":"2025-10-16T14:01:36+00:00","dateModified":"2025-10-16T14:05:28+00:00","breadcrumb":{"@id":"https:\/\/projazz.cl\/web\/revalidacion-becas-internas-2025-o-antes\/#breadcrumb"},"inLanguage":"es-CL","potentialAction":[{"@type":"ReadAction","target":["https:\/\/projazz.cl\/web\/revalidacion-becas-internas-2025-o-antes\/"]}]},{"@type":"ImageObject","inLanguage":"es-CL","@id":"https:\/\/projazz.cl\/web\/revalidacion-becas-internas-2025-o-antes\/#primaryimage","url":"https:\/\/projazz.cl\/web\/wp-content\/uploads\/2024\/10\/slider-15.jpg","contentUrl":"https:\/\/projazz.cl\/web\/wp-content\/uploads\/2024\/10\/slider-15.jpg","width":2540,"height":1429},{"@type":"BreadcrumbList","@id":"https:\/\/projazz.cl\/web\/revalidacion-becas-internas-2025-o-antes\/#breadcrumb","itemListElement":[{"@type":"ListItem","position":1,"name":"Portada","item":"https:\/\/projazz.cl\/web\/"},{"@type":"ListItem","position":2,"name":"Revalidaci\u00f3n Becas Internas (2025 o antes)"}]},{"@type":"WebSite","@id":"https:\/\/projazz.cl\/web\/#website","url":"https:\/\/projazz.cl\/web\/","name":"Projazz","description":"Instituto Profesional ","publisher":{"@id":"https:\/\/projazz.cl\/web\/#organization"},"potentialAction":[{"@type":"SearchAction","target":{"@type":"EntryPoint","urlTemplate":"https:\/\/projazz.cl\/web\/?s={search_term_string}"},"query-input":{"@type":"PropertyValueSpecification","valueRequired":true,"valueName":"search_term_string"}}],"inLanguage":"es-CL"},{"@type":"Organization","@id":"https:\/\/projazz.cl\/web\/#organization","name":"Projazz","url":"https:\/\/projazz.cl\/web\/","logo":{"@type":"ImageObject","inLanguage":"es-CL","@id":"https:\/\/projazz.cl\/web\/#\/schema\/logo\/image\/","url":"https:\/\/projazz.cl\/web\/wp-content\/uploads\/2024\/10\/brand-projazz2.svg","contentUrl":"https:\/\/projazz.cl\/web\/wp-content\/uploads\/2024\/10\/brand-projazz2.svg","width":161,"height":41,"caption":"Projazz"},"image":{"@id":"https:\/\/projazz.cl\/web\/#\/schema\/logo\/image\/"},"sameAs":["https:\/\/www.facebook.com\/projazzchile","https:\/\/www.instagram.com\/projazzchile"]}]}},"_links":{"self":[{"href":"https:\/\/projazz.cl\/web\/wp-json\/wp\/v2\/pages\/7048","targetHints":{"allow":["GET"]}}],"collection":[{"href":"https:\/\/projazz.cl\/web\/wp-json\/wp\/v2\/pages"}],"about":[{"href":"https:\/\/projazz.cl\/web\/wp-json\/wp\/v2\/types\/page"}],"author":[{"embeddable":true,"href":"https:\/\/projazz.cl\/web\/wp-json\/wp\/v2\/users\/1"}],"replies":[{"embeddable":true,"href":"https:\/\/projazz.cl\/web\/wp-json\/wp\/v2\/comments?post=7048"}],"version-history":[{"count":1,"href":"https:\/\/projazz.cl\/web\/wp-json\/wp\/v2\/pages\/7048\/revisions"}],"predecessor-version":[{"id":7049,"href":"https:\/\/projazz.cl\/web\/wp-json\/wp\/v2\/pages\/7048\/revisions\/7049"}],"wp:featuredmedia":[{"embeddable":true,"href":"https:\/\/projazz.cl\/web\/wp-json\/wp\/v2\/media\/272"}],"wp:attachment":[{"href":"https:\/\/projazz.cl\/web\/wp-json\/wp\/v2\/media?parent=7048"}],"curies":[{"name":"wp","href":"https:\/\/api.w.org\/{rel}","templated":true}]}}