{"id":6787,"date":"2025-09-25T12:08:03","date_gmt":"2025-09-25T15:08:03","guid":{"rendered":"https:\/\/projazz.cl\/web\/?page_id=6787"},"modified":"2025-09-25T12:34:16","modified_gmt":"2025-09-25T15:34:16","slug":"convenio-music-hall","status":"publish","type":"page","link":"https:\/\/projazz.cl\/web\/convenio-music-hall\/","title":{"rendered":"Convenio Music Hall"},"content":{"rendered":"\t\t<div data-elementor-type=\"wp-page\" data-elementor-id=\"6787\" class=\"elementor elementor-6787\" data-elementor-post-type=\"page\">\n\t\t\t\t<div class=\"elementor-element elementor-element-8a2c8c3 e-flex e-con-boxed e-con e-parent\" data-id=\"8a2c8c3\" data-element_type=\"container\" data-core-v316-plus=\"true\">\n\t\t\t\t\t<div class=\"e-con-inner\">\n\t\t\t\t<div class=\"elementor-element elementor-element-0befec1 elementor-widget elementor-widget-text-editor\" data-id=\"0befec1\" data-element_type=\"widget\" data-widget_type=\"text-editor.default\">\n\t\t\t\t<div class=\"elementor-widget-container\">\n\t\t\t<style>\/*! elementor - v3.20.0 - 13-03-2024 *\/\n.elementor-widget-text-editor.elementor-drop-cap-view-stacked .elementor-drop-cap{background-color:#69727d;color:#fff}.elementor-widget-text-editor.elementor-drop-cap-view-framed .elementor-drop-cap{color:#69727d;border:3px solid;background-color:transparent}.elementor-widget-text-editor:not(.elementor-drop-cap-view-default) .elementor-drop-cap{margin-top:8px}.elementor-widget-text-editor:not(.elementor-drop-cap-view-default) .elementor-drop-cap-letter{width:1em;height:1em}.elementor-widget-text-editor .elementor-drop-cap{float:left;text-align:center;line-height:1;font-size:50px}.elementor-widget-text-editor .elementor-drop-cap-letter{display:inline-block}<\/style>\t\t\t\t<p><strong>Music Hall Chile<\/strong> es el representante y distribuidor oficial en nuestro pa\u00eds de reconocidas marcas internacionales como <strong>Yamaha, Steinberg, Marshall, Fender, ESP<\/strong>, entre muchas otras. Su misi\u00f3n es acercar productos y soluciones de alta calidad a trav\u00e9s de una amplia red de distribuidores a nivel nacional, desarrollando proyectos de ingenier\u00eda para la industria del sonido y ofreciendo soporte constante a m\u00fasicos, instituciones educativas, iglesias, entidades gubernamentales y m\u00e1s.<\/p><p>Gracias a este convenio, <strong>estudiantes, docentes y funcionarios de Projazz<\/strong> pueden acceder a beneficios exclusivos en Music Hall.<\/p><p><strong>\u00bfEn qu\u00e9 consiste el convenio?<\/strong><\/p><ul><li><strong>15% de descuento<\/strong> en marcas y productos asociados a Music Hall disponibles en tiendas.<\/li><li>El descuento se aplica sobre <strong>precio full<\/strong> y no es acumulable con otras promociones o rebajas.<\/li><\/ul><p><strong>Marcas destacadas<\/strong><\/p><p>Yamaha \u2022 Marshall \u2022 Fender \u2022 Squier \u2022 ESP \u2022 LTD \u2022 H&amp;H Audio \u2022 Steinberg y muchas m\u00e1s&#8230;<\/p><p><strong>D\u00f3nde encontrarlos<\/strong><\/p><p><strong>Tienda Santiago Centro (Crowne Plaza)<\/strong><br \/><img decoding=\"async\" class=\"emoji\" role=\"img\" draggable=\"false\" src=\"https:\/\/s.w.org\/images\/core\/emoji\/16.0.1\/svg\/1f4cd.svg\" alt=\"\ud83d\udccd\" \/> Av. Bernardo O\u2019Higgins 108, Local 104<br \/><img decoding=\"async\" class=\"emoji\" role=\"img\" draggable=\"false\" src=\"https:\/\/s.w.org\/images\/core\/emoji\/16.0.1\/svg\/1f552.svg\" alt=\"\ud83d\udd52\" \/> Lunes a Viernes: 10:00 \u2013 19:00 hrs.<br \/><img decoding=\"async\" class=\"emoji\" role=\"img\" draggable=\"false\" src=\"https:\/\/s.w.org\/images\/core\/emoji\/16.0.1\/svg\/1f552.svg\" alt=\"\ud83d\udd52\" \/> S\u00e1bados: 10:00 \u2013 14:00 hrs.<\/p><p><strong>Tienda Las Condes<\/strong><br \/><img decoding=\"async\" class=\"emoji\" role=\"img\" draggable=\"false\" src=\"https:\/\/s.w.org\/images\/core\/emoji\/16.0.1\/svg\/1f4cd.svg\" alt=\"\ud83d\udccd\" \/> Av. Las Condes 7909, Las Condes<br \/><img decoding=\"async\" class=\"emoji\" role=\"img\" draggable=\"false\" src=\"https:\/\/s.w.org\/images\/core\/emoji\/16.0.1\/svg\/1f552.svg\" alt=\"\ud83d\udd52\" \/> Lunes a Viernes: 10:00 \u2013 19:00 hrs.<br \/><img decoding=\"async\" class=\"emoji\" role=\"img\" draggable=\"false\" src=\"https:\/\/s.w.org\/images\/core\/emoji\/16.0.1\/svg\/1f552.svg\" alt=\"\ud83d\udd52\" \/> S\u00e1bados: 10:00 \u2013 18:00 hrs.<\/p><p><img decoding=\"async\" class=\"emoji\" role=\"img\" draggable=\"false\" src=\"https:\/\/s.w.org\/images\/core\/emoji\/16.0.1\/svg\/1f310.svg\" alt=\"\ud83c\udf10\" \/> M\u00e1s informaci\u00f3n en: <a href=\"http:\/\/www.musichall.cl\">www.musichall.cl<\/a><\/p>\t\t\t\t\t\t<\/div>\n\t\t\t\t<\/div>\n\t\t\t\t\t<\/div>\n\t\t\t\t<\/div>\n\t\t\t\t<\/div>\n\t\t","protected":false},"excerpt":{"rendered":"<p>Music Hall Chile es el representante y distribuidor oficial en nuestro pa\u00eds de reconocidas marcas internacionales como Yamaha, Steinberg, Marshall, Fender, ESP, entre muchas otras. Su misi\u00f3n es acercar productos y soluciones de alta calidad a trav\u00e9s de una amplia red de distribuidores a nivel nacional, desarrollando proyectos de ingenier\u00eda para la industria del sonido &hellip;<\/p>\n<p class=\"read-more\"> <a class=\"\" href=\"https:\/\/projazz.cl\/web\/convenio-music-hall\/\"> <span class=\"screen-reader-text\">Convenio Music Hall<\/span> Read More &raquo;<\/a><\/p>\n","protected":false},"author":1,"featured_media":0,"parent":0,"menu_order":0,"comment_status":"closed","ping_status":"closed","template":"","meta":{"footnotes":""},"class_list":["post-6787","page","type-page","status-publish","hentry"],"yoast_head":"<!-- This site is optimized with the Yoast SEO plugin v26.3 - https:\/\/yoast.com\/wordpress\/plugins\/seo\/ -->\n<title>Convenio Music Hall - Projazz<\/title>\n<meta name=\"robots\" content=\"index, follow, max-snippet:-1, max-image-preview:large, max-video-preview:-1\" \/>\n<link rel=\"canonical\" href=\"https:\/\/projazz.cl\/web\/convenio-music-hall\/\" \/>\n<meta property=\"og:locale\" content=\"es_ES\" \/>\n<meta property=\"og:type\" content=\"article\" \/>\n<meta property=\"og:title\" content=\"Convenio Music Hall - Projazz\" \/>\n<meta property=\"og:description\" content=\"Music Hall Chile es el representante y distribuidor oficial en nuestro pa\u00eds de reconocidas marcas internacionales como Yamaha, Steinberg, Marshall, Fender, ESP, entre muchas otras. Su misi\u00f3n es acercar productos y soluciones de alta calidad a trav\u00e9s de una amplia red de distribuidores a nivel nacional, desarrollando proyectos de ingenier\u00eda para la industria del sonido &hellip; Convenio Music Hall Read More &raquo;\" \/>\n<meta property=\"og:url\" content=\"https:\/\/projazz.cl\/web\/convenio-music-hall\/\" \/>\n<meta property=\"og:site_name\" content=\"Projazz\" \/>\n<meta property=\"article:publisher\" content=\"https:\/\/www.facebook.com\/projazzchile\" \/>\n<meta property=\"article:modified_time\" content=\"2025-09-25T15:34:16+00:00\" \/>\n<meta property=\"og:image\" content=\"https:\/\/s.w.org\/images\/core\/emoji\/16.0.1\/svg\/1f4cd.svg\" \/>\n<meta name=\"twitter:card\" content=\"summary_large_image\" \/>\n<meta name=\"twitter:label1\" content=\"Tiempo estimado de lectura\" \/>\n\t<meta name=\"twitter:data1\" content=\"1 minuto\" \/>\n<script type=\"application\/ld+json\" class=\"yoast-schema-graph\">{\"@context\":\"https:\/\/schema.org\",\"@graph\":[{\"@type\":\"WebPage\",\"@id\":\"https:\/\/projazz.cl\/web\/convenio-music-hall\/\",\"url\":\"https:\/\/projazz.cl\/web\/convenio-music-hall\/\",\"name\":\"Convenio Music Hall - Projazz\",\"isPartOf\":{\"@id\":\"https:\/\/projazz.cl\/web\/#website\"},\"primaryImageOfPage\":{\"@id\":\"https:\/\/projazz.cl\/web\/convenio-music-hall\/#primaryimage\"},\"image\":{\"@id\":\"https:\/\/projazz.cl\/web\/convenio-music-hall\/#primaryimage\"},\"thumbnailUrl\":\"https:\/\/s.w.org\/images\/core\/emoji\/16.0.1\/svg\/1f4cd.svg\",\"datePublished\":\"2025-09-25T15:08:03+00:00\",\"dateModified\":\"2025-09-25T15:34:16+00:00\",\"breadcrumb\":{\"@id\":\"https:\/\/projazz.cl\/web\/convenio-music-hall\/#breadcrumb\"},\"inLanguage\":\"es-CL\",\"potentialAction\":[{\"@type\":\"ReadAction\",\"target\":[\"https:\/\/projazz.cl\/web\/convenio-music-hall\/\"]}]},{\"@type\":\"ImageObject\",\"inLanguage\":\"es-CL\",\"@id\":\"https:\/\/projazz.cl\/web\/convenio-music-hall\/#primaryimage\",\"url\":\"https:\/\/s.w.org\/images\/core\/emoji\/16.0.1\/svg\/1f4cd.svg\",\"contentUrl\":\"https:\/\/s.w.org\/images\/core\/emoji\/16.0.1\/svg\/1f4cd.svg\"},{\"@type\":\"BreadcrumbList\",\"@id\":\"https:\/\/projazz.cl\/web\/convenio-music-hall\/#breadcrumb\",\"itemListElement\":[{\"@type\":\"ListItem\",\"position\":1,\"name\":\"Portada\",\"item\":\"https:\/\/projazz.cl\/web\/\"},{\"@type\":\"ListItem\",\"position\":2,\"name\":\"Convenio Music Hall\"}]},{\"@type\":\"WebSite\",\"@id\":\"https:\/\/projazz.cl\/web\/#website\",\"url\":\"https:\/\/projazz.cl\/web\/\",\"name\":\"Projazz\",\"description\":\"Instituto Profesional \",\"publisher\":{\"@id\":\"https:\/\/projazz.cl\/web\/#organization\"},\"potentialAction\":[{\"@type\":\"SearchAction\",\"target\":{\"@type\":\"EntryPoint\",\"urlTemplate\":\"https:\/\/projazz.cl\/web\/?s={search_term_string}\"},\"query-input\":{\"@type\":\"PropertyValueSpecification\",\"valueRequired\":true,\"valueName\":\"search_term_string\"}}],\"inLanguage\":\"es-CL\"},{\"@type\":\"Organization\",\"@id\":\"https:\/\/projazz.cl\/web\/#organization\",\"name\":\"Projazz\",\"url\":\"https:\/\/projazz.cl\/web\/\",\"logo\":{\"@type\":\"ImageObject\",\"inLanguage\":\"es-CL\",\"@id\":\"https:\/\/projazz.cl\/web\/#\/schema\/logo\/image\/\",\"url\":\"https:\/\/projazz.cl\/web\/wp-content\/uploads\/2024\/10\/brand-projazz2.svg\",\"contentUrl\":\"https:\/\/projazz.cl\/web\/wp-content\/uploads\/2024\/10\/brand-projazz2.svg\",\"width\":161,\"height\":41,\"caption\":\"Projazz\"},\"image\":{\"@id\":\"https:\/\/projazz.cl\/web\/#\/schema\/logo\/image\/\"},\"sameAs\":[\"https:\/\/www.facebook.com\/projazzchile\",\"https:\/\/www.instagram.com\/projazzchile\"]}]}<\/script>\n<!-- \/ Yoast SEO plugin. -->","yoast_head_json":{"title":"Convenio Music Hall - Projazz","robots":{"index":"index","follow":"follow","max-snippet":"max-snippet:-1","max-image-preview":"max-image-preview:large","max-video-preview":"max-video-preview:-1"},"canonical":"https:\/\/projazz.cl\/web\/convenio-music-hall\/","og_locale":"es_ES","og_type":"article","og_title":"Convenio Music Hall - Projazz","og_description":"Music Hall Chile es el representante y distribuidor oficial en nuestro pa\u00eds de reconocidas marcas internacionales como Yamaha, Steinberg, Marshall, Fender, ESP, entre muchas otras. Su misi\u00f3n es acercar productos y soluciones de alta calidad a trav\u00e9s de una amplia red de distribuidores a nivel nacional, desarrollando proyectos de ingenier\u00eda para la industria del sonido &hellip; Convenio Music Hall Read More &raquo;","og_url":"https:\/\/projazz.cl\/web\/convenio-music-hall\/","og_site_name":"Projazz","article_publisher":"https:\/\/www.facebook.com\/projazzchile","article_modified_time":"2025-09-25T15:34:16+00:00","og_image":[{"url":"https:\/\/s.w.org\/images\/core\/emoji\/16.0.1\/svg\/1f4cd.svg","type":"","width":"","height":""}],"twitter_card":"summary_large_image","twitter_misc":{"Tiempo estimado de lectura":"1 minuto"},"schema":{"@context":"https:\/\/schema.org","@graph":[{"@type":"WebPage","@id":"https:\/\/projazz.cl\/web\/convenio-music-hall\/","url":"https:\/\/projazz.cl\/web\/convenio-music-hall\/","name":"Convenio Music Hall - Projazz","isPartOf":{"@id":"https:\/\/projazz.cl\/web\/#website"},"primaryImageOfPage":{"@id":"https:\/\/projazz.cl\/web\/convenio-music-hall\/#primaryimage"},"image":{"@id":"https:\/\/projazz.cl\/web\/convenio-music-hall\/#primaryimage"},"thumbnailUrl":"https:\/\/s.w.org\/images\/core\/emoji\/16.0.1\/svg\/1f4cd.svg","datePublished":"2025-09-25T15:08:03+00:00","dateModified":"2025-09-25T15:34:16+00:00","breadcrumb":{"@id":"https:\/\/projazz.cl\/web\/convenio-music-hall\/#breadcrumb"},"inLanguage":"es-CL","potentialAction":[{"@type":"ReadAction","target":["https:\/\/projazz.cl\/web\/convenio-music-hall\/"]}]},{"@type":"ImageObject","inLanguage":"es-CL","@id":"https:\/\/projazz.cl\/web\/convenio-music-hall\/#primaryimage","url":"https:\/\/s.w.org\/images\/core\/emoji\/16.0.1\/svg\/1f4cd.svg","contentUrl":"https:\/\/s.w.org\/images\/core\/emoji\/16.0.1\/svg\/1f4cd.svg"},{"@type":"BreadcrumbList","@id":"https:\/\/projazz.cl\/web\/convenio-music-hall\/#breadcrumb","itemListElement":[{"@type":"ListItem","position":1,"name":"Portada","item":"https:\/\/projazz.cl\/web\/"},{"@type":"ListItem","position":2,"name":"Convenio Music Hall"}]},{"@type":"WebSite","@id":"https:\/\/projazz.cl\/web\/#website","url":"https:\/\/projazz.cl\/web\/","name":"Projazz","description":"Instituto Profesional ","publisher":{"@id":"https:\/\/projazz.cl\/web\/#organization"},"potentialAction":[{"@type":"SearchAction","target":{"@type":"EntryPoint","urlTemplate":"https:\/\/projazz.cl\/web\/?s={search_term_string}"},"query-input":{"@type":"PropertyValueSpecification","valueRequired":true,"valueName":"search_term_string"}}],"inLanguage":"es-CL"},{"@type":"Organization","@id":"https:\/\/projazz.cl\/web\/#organization","name":"Projazz","url":"https:\/\/projazz.cl\/web\/","logo":{"@type":"ImageObject","inLanguage":"es-CL","@id":"https:\/\/projazz.cl\/web\/#\/schema\/logo\/image\/","url":"https:\/\/projazz.cl\/web\/wp-content\/uploads\/2024\/10\/brand-projazz2.svg","contentUrl":"https:\/\/projazz.cl\/web\/wp-content\/uploads\/2024\/10\/brand-projazz2.svg","width":161,"height":41,"caption":"Projazz"},"image":{"@id":"https:\/\/projazz.cl\/web\/#\/schema\/logo\/image\/"},"sameAs":["https:\/\/www.facebook.com\/projazzchile","https:\/\/www.instagram.com\/projazzchile"]}]}},"_links":{"self":[{"href":"https:\/\/projazz.cl\/web\/wp-json\/wp\/v2\/pages\/6787","targetHints":{"allow":["GET"]}}],"collection":[{"href":"https:\/\/projazz.cl\/web\/wp-json\/wp\/v2\/pages"}],"about":[{"href":"https:\/\/projazz.cl\/web\/wp-json\/wp\/v2\/types\/page"}],"author":[{"embeddable":true,"href":"https:\/\/projazz.cl\/web\/wp-json\/wp\/v2\/users\/1"}],"replies":[{"embeddable":true,"href":"https:\/\/projazz.cl\/web\/wp-json\/wp\/v2\/comments?post=6787"}],"version-history":[{"count":4,"href":"https:\/\/projazz.cl\/web\/wp-json\/wp\/v2\/pages\/6787\/revisions"}],"predecessor-version":[{"id":6793,"href":"https:\/\/projazz.cl\/web\/wp-json\/wp\/v2\/pages\/6787\/revisions\/6793"}],"wp:attachment":[{"href":"https:\/\/projazz.cl\/web\/wp-json\/wp\/v2\/media?parent=6787"}],"curies":[{"name":"wp","href":"https:\/\/api.w.org\/{rel}","templated":true}]}}