{"id":276,"date":"2024-10-08T19:17:20","date_gmt":"2024-10-08T22:17:20","guid":{"rendered":"https:\/\/projazz.cl\/web\/?page_id=276"},"modified":"2025-12-03T17:23:10","modified_gmt":"2025-12-03T20:23:10","slug":"autoridades","status":"publish","type":"page","link":"https:\/\/projazz.cl\/web\/autoridades\/","title":{"rendered":"Autoridades"},"content":{"rendered":"\n<h3 class=\"wp-block-heading\" id=\"h-rector\"><strong>Rector<\/strong><\/h3>\n\n\n\n<p>George Abufhele Bus<\/p>\n\n\n\n<h3 class=\"wp-block-heading\" id=\"h-vicerrector-academico\"><strong>Vicerrector Acad\u00e9mico<\/strong><\/h3>\n\n\n\n<p>Ignacio D\u00edaz Lahsen<\/p>\n\n\n\n<h3 class=\"wp-block-heading\" id=\"h-vicerrector-de-administracion-y-finanzas\"><strong>Vicerrectora de Administraci\u00f3n y Finanzas<\/strong><\/h3>\n\n\n\n<p>Viviana Gonz\u00e1lez Tobar<\/p>\n\n\n\n<h3 class=\"wp-block-heading\" id=\"h-vicerrector-de-administracion-y-finanzas\"><strong>Directora de Vinculaci\u00f3n con el Medio y Comunicaciones<\/strong><\/h3>\n\n\n\n<p>Alicia Pedroso Baltazar<\/p>\n","protected":false},"excerpt":{"rendered":"<p>Rector George Abufhele Bus Vicerrector Acad\u00e9mico Ignacio D\u00edaz Lahsen Vicerrectora de Administraci\u00f3n y Finanzas Viviana Gonz\u00e1lez Tobar Directora de Vinculaci\u00f3n con el Medio y Comunicaciones Alicia Pedroso Baltazar<\/p>\n","protected":false},"author":1,"featured_media":272,"parent":0,"menu_order":0,"comment_status":"closed","ping_status":"closed","template":"","meta":{"footnotes":""},"class_list":["post-276","page","type-page","status-publish","has-post-thumbnail","hentry"],"yoast_head":"<!-- This site is optimized with the Yoast SEO plugin v26.3 - https:\/\/yoast.com\/wordpress\/plugins\/seo\/ -->\n<title>Autoridades - Projazz<\/title>\n<meta name=\"robots\" content=\"index, follow, max-snippet:-1, max-image-preview:large, max-video-preview:-1\" \/>\n<link rel=\"canonical\" href=\"https:\/\/projazz.cl\/web\/autoridades\/\" \/>\n<meta property=\"og:locale\" content=\"es_ES\" \/>\n<meta property=\"og:type\" content=\"article\" \/>\n<meta property=\"og:title\" content=\"Autoridades - Projazz\" \/>\n<meta property=\"og:description\" content=\"Rector George Abufhele Bus Vicerrector Acad\u00e9mico Ignacio D\u00edaz Lahsen Vicerrectora de Administraci\u00f3n y Finanzas Viviana Gonz\u00e1lez Tobar Directora de Vinculaci\u00f3n con el Medio y Comunicaciones Alicia Pedroso Baltazar\" \/>\n<meta property=\"og:url\" content=\"https:\/\/projazz.cl\/web\/autoridades\/\" \/>\n<meta property=\"og:site_name\" content=\"Projazz\" \/>\n<meta property=\"article:publisher\" content=\"https:\/\/www.facebook.com\/projazzchile\" \/>\n<meta property=\"article:modified_time\" content=\"2025-12-03T20:23:10+00:00\" \/>\n<meta property=\"og:image\" content=\"https:\/\/projazz.cl\/web\/wp-content\/uploads\/2024\/10\/slider-15.jpg\" \/>\n\t<meta property=\"og:image:width\" content=\"2540\" \/>\n\t<meta property=\"og:image:height\" content=\"1429\" \/>\n\t<meta property=\"og:image:type\" content=\"image\/jpeg\" \/>\n<meta name=\"twitter:card\" content=\"summary_large_image\" \/>\n<meta name=\"twitter:label1\" content=\"Tiempo estimado de lectura\" \/>\n\t<meta name=\"twitter:data1\" content=\"1 minuto\" \/>\n<script type=\"application\/ld+json\" class=\"yoast-schema-graph\">{\"@context\":\"https:\/\/schema.org\",\"@graph\":[{\"@type\":\"WebPage\",\"@id\":\"https:\/\/projazz.cl\/web\/autoridades\/\",\"url\":\"https:\/\/projazz.cl\/web\/autoridades\/\",\"name\":\"Autoridades - Projazz\",\"isPartOf\":{\"@id\":\"https:\/\/projazz.cl\/web\/#website\"},\"primaryImageOfPage\":{\"@id\":\"https:\/\/projazz.cl\/web\/autoridades\/#primaryimage\"},\"image\":{\"@id\":\"https:\/\/projazz.cl\/web\/autoridades\/#primaryimage\"},\"thumbnailUrl\":\"https:\/\/projazz.cl\/web\/wp-content\/uploads\/2024\/10\/slider-15.jpg\",\"datePublished\":\"2024-10-08T22:17:20+00:00\",\"dateModified\":\"2025-12-03T20:23:10+00:00\",\"breadcrumb\":{\"@id\":\"https:\/\/projazz.cl\/web\/autoridades\/#breadcrumb\"},\"inLanguage\":\"es-CL\",\"potentialAction\":[{\"@type\":\"ReadAction\",\"target\":[\"https:\/\/projazz.cl\/web\/autoridades\/\"]}]},{\"@type\":\"ImageObject\",\"inLanguage\":\"es-CL\",\"@id\":\"https:\/\/projazz.cl\/web\/autoridades\/#primaryimage\",\"url\":\"https:\/\/projazz.cl\/web\/wp-content\/uploads\/2024\/10\/slider-15.jpg\",\"contentUrl\":\"https:\/\/projazz.cl\/web\/wp-content\/uploads\/2024\/10\/slider-15.jpg\",\"width\":2540,\"height\":1429},{\"@type\":\"BreadcrumbList\",\"@id\":\"https:\/\/projazz.cl\/web\/autoridades\/#breadcrumb\",\"itemListElement\":[{\"@type\":\"ListItem\",\"position\":1,\"name\":\"Portada\",\"item\":\"https:\/\/projazz.cl\/web\/\"},{\"@type\":\"ListItem\",\"position\":2,\"name\":\"Autoridades\"}]},{\"@type\":\"WebSite\",\"@id\":\"https:\/\/projazz.cl\/web\/#website\",\"url\":\"https:\/\/projazz.cl\/web\/\",\"name\":\"Projazz\",\"description\":\"Instituto Profesional \",\"publisher\":{\"@id\":\"https:\/\/projazz.cl\/web\/#organization\"},\"potentialAction\":[{\"@type\":\"SearchAction\",\"target\":{\"@type\":\"EntryPoint\",\"urlTemplate\":\"https:\/\/projazz.cl\/web\/?s={search_term_string}\"},\"query-input\":{\"@type\":\"PropertyValueSpecification\",\"valueRequired\":true,\"valueName\":\"search_term_string\"}}],\"inLanguage\":\"es-CL\"},{\"@type\":\"Organization\",\"@id\":\"https:\/\/projazz.cl\/web\/#organization\",\"name\":\"Projazz\",\"url\":\"https:\/\/projazz.cl\/web\/\",\"logo\":{\"@type\":\"ImageObject\",\"inLanguage\":\"es-CL\",\"@id\":\"https:\/\/projazz.cl\/web\/#\/schema\/logo\/image\/\",\"url\":\"https:\/\/projazz.cl\/web\/wp-content\/uploads\/2024\/10\/brand-projazz2.svg\",\"contentUrl\":\"https:\/\/projazz.cl\/web\/wp-content\/uploads\/2024\/10\/brand-projazz2.svg\",\"width\":161,\"height\":41,\"caption\":\"Projazz\"},\"image\":{\"@id\":\"https:\/\/projazz.cl\/web\/#\/schema\/logo\/image\/\"},\"sameAs\":[\"https:\/\/www.facebook.com\/projazzchile\",\"https:\/\/www.instagram.com\/projazzchile\"]}]}<\/script>\n<!-- \/ Yoast SEO plugin. -->","yoast_head_json":{"title":"Autoridades - Projazz","robots":{"index":"index","follow":"follow","max-snippet":"max-snippet:-1","max-image-preview":"max-image-preview:large","max-video-preview":"max-video-preview:-1"},"canonical":"https:\/\/projazz.cl\/web\/autoridades\/","og_locale":"es_ES","og_type":"article","og_title":"Autoridades - Projazz","og_description":"Rector George Abufhele Bus Vicerrector Acad\u00e9mico Ignacio D\u00edaz Lahsen Vicerrectora de Administraci\u00f3n y Finanzas Viviana Gonz\u00e1lez Tobar Directora de Vinculaci\u00f3n con el Medio y Comunicaciones Alicia Pedroso Baltazar","og_url":"https:\/\/projazz.cl\/web\/autoridades\/","og_site_name":"Projazz","article_publisher":"https:\/\/www.facebook.com\/projazzchile","article_modified_time":"2025-12-03T20:23:10+00:00","og_image":[{"width":2540,"height":1429,"url":"https:\/\/projazz.cl\/web\/wp-content\/uploads\/2024\/10\/slider-15.jpg","type":"image\/jpeg"}],"twitter_card":"summary_large_image","twitter_misc":{"Tiempo estimado de lectura":"1 minuto"},"schema":{"@context":"https:\/\/schema.org","@graph":[{"@type":"WebPage","@id":"https:\/\/projazz.cl\/web\/autoridades\/","url":"https:\/\/projazz.cl\/web\/autoridades\/","name":"Autoridades - Projazz","isPartOf":{"@id":"https:\/\/projazz.cl\/web\/#website"},"primaryImageOfPage":{"@id":"https:\/\/projazz.cl\/web\/autoridades\/#primaryimage"},"image":{"@id":"https:\/\/projazz.cl\/web\/autoridades\/#primaryimage"},"thumbnailUrl":"https:\/\/projazz.cl\/web\/wp-content\/uploads\/2024\/10\/slider-15.jpg","datePublished":"2024-10-08T22:17:20+00:00","dateModified":"2025-12-03T20:23:10+00:00","breadcrumb":{"@id":"https:\/\/projazz.cl\/web\/autoridades\/#breadcrumb"},"inLanguage":"es-CL","potentialAction":[{"@type":"ReadAction","target":["https:\/\/projazz.cl\/web\/autoridades\/"]}]},{"@type":"ImageObject","inLanguage":"es-CL","@id":"https:\/\/projazz.cl\/web\/autoridades\/#primaryimage","url":"https:\/\/projazz.cl\/web\/wp-content\/uploads\/2024\/10\/slider-15.jpg","contentUrl":"https:\/\/projazz.cl\/web\/wp-content\/uploads\/2024\/10\/slider-15.jpg","width":2540,"height":1429},{"@type":"BreadcrumbList","@id":"https:\/\/projazz.cl\/web\/autoridades\/#breadcrumb","itemListElement":[{"@type":"ListItem","position":1,"name":"Portada","item":"https:\/\/projazz.cl\/web\/"},{"@type":"ListItem","position":2,"name":"Autoridades"}]},{"@type":"WebSite","@id":"https:\/\/projazz.cl\/web\/#website","url":"https:\/\/projazz.cl\/web\/","name":"Projazz","description":"Instituto Profesional ","publisher":{"@id":"https:\/\/projazz.cl\/web\/#organization"},"potentialAction":[{"@type":"SearchAction","target":{"@type":"EntryPoint","urlTemplate":"https:\/\/projazz.cl\/web\/?s={search_term_string}"},"query-input":{"@type":"PropertyValueSpecification","valueRequired":true,"valueName":"search_term_string"}}],"inLanguage":"es-CL"},{"@type":"Organization","@id":"https:\/\/projazz.cl\/web\/#organization","name":"Projazz","url":"https:\/\/projazz.cl\/web\/","logo":{"@type":"ImageObject","inLanguage":"es-CL","@id":"https:\/\/projazz.cl\/web\/#\/schema\/logo\/image\/","url":"https:\/\/projazz.cl\/web\/wp-content\/uploads\/2024\/10\/brand-projazz2.svg","contentUrl":"https:\/\/projazz.cl\/web\/wp-content\/uploads\/2024\/10\/brand-projazz2.svg","width":161,"height":41,"caption":"Projazz"},"image":{"@id":"https:\/\/projazz.cl\/web\/#\/schema\/logo\/image\/"},"sameAs":["https:\/\/www.facebook.com\/projazzchile","https:\/\/www.instagram.com\/projazzchile"]}]}},"_links":{"self":[{"href":"https:\/\/projazz.cl\/web\/wp-json\/wp\/v2\/pages\/276","targetHints":{"allow":["GET"]}}],"collection":[{"href":"https:\/\/projazz.cl\/web\/wp-json\/wp\/v2\/pages"}],"about":[{"href":"https:\/\/projazz.cl\/web\/wp-json\/wp\/v2\/types\/page"}],"author":[{"embeddable":true,"href":"https:\/\/projazz.cl\/web\/wp-json\/wp\/v2\/users\/1"}],"replies":[{"embeddable":true,"href":"https:\/\/projazz.cl\/web\/wp-json\/wp\/v2\/comments?post=276"}],"version-history":[{"count":6,"href":"https:\/\/projazz.cl\/web\/wp-json\/wp\/v2\/pages\/276\/revisions"}],"predecessor-version":[{"id":7379,"href":"https:\/\/projazz.cl\/web\/wp-json\/wp\/v2\/pages\/276\/revisions\/7379"}],"wp:featuredmedia":[{"embeddable":true,"href":"https:\/\/projazz.cl\/web\/wp-json\/wp\/v2\/media\/272"}],"wp:attachment":[{"href":"https:\/\/projazz.cl\/web\/wp-json\/wp\/v2\/media?parent=276"}],"curies":[{"name":"wp","href":"https:\/\/api.w.org\/{rel}","templated":true}]}}